{"id":285,"date":"2020-01-08T13:02:08","date_gmt":"2020-01-08T10:02:08","guid":{"rendered":"http:\/\/motothemes.com\/demos\/part1\/health-care-wordpress-theme\/?page_id=285"},"modified":"2021-01-23T17:19:06","modified_gmt":"2021-01-23T14:19:06","slug":"urunlerimiz","status":"publish","type":"page","link":"https:\/\/saymedmedikal.com\/index.php\/urunlerimiz\/","title":{"rendered":"\u00dcr\u00fcnlerimiz"},"content":{"rendered":"<p><div class=\"or_row\"><div class=\"or_column   or_col-sm-12\"><div class=\"or-col-container\"><div class=\"or_text_block\"><\/p>\n<h3 style=\"text-align: center;\"><strong>EKG KA\u011eITLARI<\/strong><\/h3>\n<h3 style=\"text-align: center;\"><strong>ULTRASON KA\u011eITLARI<\/strong><\/h3>\n<h3 style=\"text-align: center;\"><strong>NST KA\u011eITLARI<\/strong><\/h3>\n<h3 style=\"text-align: center;\"><strong>RENKL\u0130 PRINTER KA\u011eITLARI<\/strong><\/h3>\n<h3 style=\"text-align: center;\"><strong>ET\u0130KETLER<\/strong><\/h3>\n<h3 style=\"text-align: center;\"><strong>EKG C\u0130HAZLARI<\/strong><\/h3>\n<h3 style=\"text-align: center;\"><strong>NST C\u0130HAZLARI<\/strong><\/h3>\n<p>\n<\/div><\/div><\/div><\/div><div class=\"or_row\"><div class=\"or_column   or_col-sm-12\"><div class=\"or-col-container\"><div class=\"or_shortcode or_single_image  or-css-5615816|text-align: center;\" style=\"text-align: center;\"><a  href=\"https:\/\/saymedmedikal.com\/wp-content\/uploads\/2021\/01\/urunler.jpg\" title=\"\"><img src=\"https:\/\/saymedmedikal.com\/wp-content\/uploads\/2021\/01\/urunler.jpg\" class=\"\" alt=\"\" \/><\/a><\/div><\/div><\/div><\/div><div data-or-fullwidth=\"row\" class=\"or_row or-css-534797|text-align: center;\"><div class=\"or_column   or_col-sm-12\"><div class=\"or-col-container\"><div class=\"or_shortcode or_single_image  or-css-9326495|text-align: center;\" style=\"text-align: center;\"><img src=\"https:\/\/saymedmedikal.com\/wp-content\/uploads\/2021\/01\/urunler2.jpg\" class=\"\" alt=\"\" \/><\/div><\/div><\/div><\/div><script>or_row_action(true);<\/script><div class=\"or_row or-css-7119401|text-align: left;\"><div class=\"or_column   or_col-sm-12\"><div class=\"or-col-container\"><div class=\"or-image-gallery\"><h3 class=\"or-title image-gallery-title\">Etiketler<\/h3>\n<div class=\"or_image_gallery or-owlslider owl-carousel \" style=\"width: 1024px;\" data-image_masonry=\"\" data-slide_options=\"{\"auto_rotate\":\"yes\",\"navigation\":\"yes\",\"pagination\":\"\"}\">\n<div class=\"item\"><img src=\"https:\/\/saymedmedikal.com\/wp-content\/uploads\/2021\/01\/etiket-5.jpeg\" \/><\/div><div class=\"item\"><img src=\"https:\/\/saymedmedikal.com\/wp-content\/uploads\/2021\/01\/etiket-4.jpeg\" \/><\/div><div class=\"item\"><img src=\"https:\/\/saymedmedikal.com\/wp-content\/uploads\/2021\/01\/etiket-3.jpeg\" \/><\/div><div class=\"item\"><img src=\"https:\/\/saymedmedikal.com\/wp-content\/uploads\/2021\/01\/etiket-2.jpeg\" \/><\/div><div class=\"item\"><img src=\"https:\/\/saymedmedikal.com\/wp-content\/uploads\/2021\/01\/etiket-1.jpeg\" \/><\/div><\/div>\n<\/div><\/div><\/div><\/div><div class=\"or_row\"><div class=\"or_column   or_col-sm-12\"><div class=\"or-col-container\"><div class=\"or_text_block\"><\/p>\n<h4>ULTRASON KA\u011eITLARI<\/h4>\n<h4>ULTRASON KA\u011eIDI DURICO 1100 HG (OR\u0130J\u0130NAL KORE MALI) PAKET\u0130:50,100 L\u00dcK.<br \/>ULTRASON KA\u011eIDI DURICO 1100 S (OR\u0130J\u0130NAL KORE MALI) PAKET\u0130:50,100 L\u00dcK.<br \/>ULTRASON KA\u011eIDI DURICO 8400 HG (OR\u0130J\u0130NAL KORE MALI) PAKET\u0130:25,50,75,100 L\u00dcK.<br \/>SKOP\u0130 KA\u011eIDI DURICO 2100 HD (OR\u0130J\u0130NAL KORE MALI) PAKET\u0130:5,10,15,20,25 L\u0130K.<br \/>ULTRASON KA\u011eIDI VPP 110 HG (OR\u0130J\u0130NAL DURICO KORE \u00dcRET\u0130M\u0130) PAKET\u0130:50,100 L\u00dcK.<br \/>ULTRASON KA\u011eIDI VPP 110 S (OR\u0130J\u0130NAL DURICO KORE \u00dcRET\u0130M\u0130) PAKET\u0130:50,100 L\u00dcK.<\/h4>\n<h4>EKG KA\u011eITLARI<\/h4>\n<h4>EKG KA\u011eIDI SCHILLER AT 2 (ALMAN MALI)<br \/>EKG KA\u011eIDI SCHILLER AT 102 (ALMAN MALI)<br \/>EKG KA\u011eIDI SCHILLER AT 1 (ALMAN MALI)<br \/>EKG KA\u011eIDI SCHILLER AT 101<br \/>EKG KA\u011eIDI MARQUETTE 21 (\u0130TALYAN MALI)<br \/>EKG KA\u011eIDI MAC 1200 (\u0130TALYAN MALI)<br \/>EKG KA\u011eIDI MINDRAY BENEHEART R12 (\u0130TALYAN MALI)<br \/>EKG KA\u011eIDI N.KOHDEN 50-2-100 (\u0130TALYAN MALI)<br \/>EKG KA\u011eIDI N.KOHDEN 110-2-140 (\u0130TALYAN MALI)<br \/>EKG KA\u011eIDI N.KOHDEN 210-3-140 (\u0130TALYAN MALI)<br \/>EKG KA\u011eIDI H.P.1709 A (\u0130TALYAN MALI)<br \/>EKG KA\u011eIDI WELLCH ALLYN CP 200 (\u0130TALYAN MALI)<br \/>EKG KA\u011eIDI EDAN SE 601 (\u0130TALYAN MALI)<br \/>EKG KA\u011eIDI 210*30 RULO (\u0130TALYAN MALI)<\/h4>\n<h4>NST KA\u011eITLARI<\/h4>\n<h4>NST KA\u011eIDI H.P 1911 A (\u0130TALYAN MALI)<br \/>NST KA\u011eIDI PHILIPS AVALON 20 (\u0130TALYAN MALI)<br \/>NST KA\u011eIDI COROMETRICS BAO 4305 <br \/>NST KA\u011eIDI MAC 70 <br \/>NST KA\u011eIDI BISTOS 350<br \/>NST KEMER\u0130<\/h4>\n<h4>DEF\u0130BR\u0130LAT\u00d6R KA\u011eIDI 50*30 \u00d6L\u00c7EKL\u0130 (\u0130TALYAN MALI)<br \/>DEF\u0130BR\u0130LAT\u00d6R KA\u011eIDI 50*30 D\u00dcZ TERMAL MINDRAY<br \/>DEF\u0130BR\u0130LAT\u00d6R KA\u011eIDI MINDRAY 50*20 D\u00dcZ TERMAL<br \/>DEF\u0130BR\u0130LAT\u00d6R KA\u011eIDI 80*20 D\u00dcZ.TERMAL<br \/>TOPCON G\u00d6Z RULOSU 56*30 TERMAL RULO<br \/>\u00c7ENEL\u0130K KA\u011eIT (G\u00d6Z SRV.)<br \/>SCHIRMER KA\u011eIDI 100 L\u00dcK.<br \/>FLOURESIN KA\u011eIDI 100 L\u00dcK.<br \/>TURNUSOL KA\u011eIDI 10 LUK.(adet fiyat\u0131)<br \/>TIMPONOMETRE KA\u011eIDI 110*20 D\u00dcZ TERMAL<\/h4>\n<p>\n<\/div><\/div><\/div><\/div><\/p>\n","protected":false},"excerpt":{"rendered":"","protected":false},"author":2,"featured_media":0,"parent":0,"menu_order":0,"comment_status":"closed","ping_status":"closed","template":"","meta":[],"_links":{"self":[{"href":"https:\/\/saymedmedikal.com\/index.php\/wp-json\/wp\/v2\/pages\/285"}],"collection":[{"href":"https:\/\/saymedmedikal.com\/index.php\/wp-json\/wp\/v2\/pages"}],"about":[{"href":"https:\/\/saymedmedikal.com\/index.php\/wp-json\/wp\/v2\/types\/page"}],"author":[{"embeddable":true,"href":"https:\/\/saymedmedikal.com\/index.php\/wp-json\/wp\/v2\/users\/2"}],"replies":[{"embeddable":true,"href":"https:\/\/saymedmedikal.com\/index.php\/wp-json\/wp\/v2\/comments?post=285"}],"version-history":[{"count":18,"href":"https:\/\/saymedmedikal.com\/index.php\/wp-json\/wp\/v2\/pages\/285\/revisions"}],"predecessor-version":[{"id":397,"href":"https:\/\/saymedmedikal.com\/index.php\/wp-json\/wp\/v2\/pages\/285\/revisions\/397"}],"wp:attachment":[{"href":"https:\/\/saymedmedikal.com\/index.php\/wp-json\/wp\/v2\/media?parent=285"}],"curies":[{"name":"wp","href":"https:\/\/api.w.org\/{rel}","templated":true}]}}